03 + -3318?
41085
In base 8, what is 100634 + -1304?
77330
In base 5, what is -41000101202 + -1?
-41000101203
In base 12, what is -1 + -7ab2155?
-7ab2156
In base 11, what is -3 - 2785825?
-2785828
In base 8, what is -53 - -243645?
243572
In base 8, what is 7 + 22363754?
22363763
In base 5, what is 111023313 - -13?
111023331
In base 8, what is -254542263 + 0?
-254542263
In base 14, what is -24d0 + 948?
-1986
In base 10, what is -37071891 + 3?
-37071888
In base 2, what is 1100111 + 100001010111000111001000?
100001010111001000101111
In base 15, what is 51561 - 25?
5153b
In base 3, what is 10001021000 + 110212?
10001201212
In base 15, what is -225 + -2dd51?
-2e076
In base 12, what is 1178b7a - 29?
1178b51
In base 8, what is 630 + 36562?
37412
In base 8, what is 142 + -1773?
-1631
In base 15, what is -76820583 + -1?
-76820584
In base 3, what is -112111201 - 1020221221?
-1210110122
In base 15, what is 1b2 - 3eb6?
-3d04
In base 7, what is -4 - -1165265?
1165261
In base 13, what is 10a82 - 894?
101bb
In base 5, what is 0 - 30324334102?
-30324334102
In base 2, what is 100001 + 100100111111110?
100101000011111
In base 15, what is 20 - -17e280?
17e2a0
In base 14, what is -2c99220 - -3?
-2c9921b
In base 7, what is -14 - -655416134?
655416120
In base 13, what is -394c - 167c?
-52cb
In base 4, what is -11210021020322 + 1?
-11210021020321
In base 15, what is -197a - 3d44?
-57be
In base 11, what is -52056173 + -1?
-52056174
In base 4, what is -2 - 3330133032313?
-3330133032321
In base 15, what is 2326 - -e9?
2420
In base 2, what is -1100011110100101 + 111101011101?
-1011100001001000
In base 2, what is 100101 + 111101110001010111110000?
111101110001011000010101
In base 12, what is 5 + 230bb0?
230bb5
In base 13, what is -1734a9 - -9?
-1734a0
In base 2, what is 11000001011 + -100100101100111?
-100001101011100
In base 13, what is -4 - 219b98?
-219b9c
In base 6, what is 5334 - 15020051?
-15010313
In base 14, what is -232c9 - 6b5?
-239a0
In base 6, what is -1132011 - 1112?
-1133123
In base 14, what is a8 + -52d10?
-52c46
In base 16, what is -302 - 10a8?
-13aa
In base 5, what is -120202 - -20221?
-44431
In base 4, what is 11210301303120 + -2?
11210301303112
In base 9, what is -6 - -56545515?
56545508
In base 8, what is 1 - -5366444?
5366445
In base 6, what is 2 - 22014034110?
-22014034104
In base 11, what is 1633 - 84898?
-83265
In base 13, what is 67b + 5334?
59b2
In base 9, what is 34302 - -7574?
42876
In base 6, what is 21454142 - -10022?
21504204
In base 12, what is -5 + -44aa4?
-44aa9
In base 2, what is -100100010111000001110 + 11?
-100100010111000001011
In base 2, what is -111111101 + 111011101101?
110011110000
In base 11, what is 551 + -62308?
-61867
In base 15, what is -1 - -13652a5?
13652a4
In base 8, what is -273 + 34400357?
34400064
In base 11, what is 296 - -727a?
7565
In base 7, what is -113654354 + 66?
-113654255
In base 12, what is 4 - -920a64?
920a68
In base 16, what is -1 - 8a3d522?
-8a3d523
In base 2, what is -10000110011 + -10001010100101110010?
-10001010110110100101
In base 14, what is -11b + -422d?
-434a
In base 14, what is -1920 - -1d10?
3d0
In base 10, what is 1 - -15547748?
15547749
In base 5, what is -22444 + 321010?
243011
In base 14, what is 0 - -27201a5?
27201a5
In base 13, what is 1 + -233c4024?
-233c4023
In base 12, what is 9b + 78b892?
78b971
In base 3, what is 0 - 20000222100221000?
-20000222100221000
In base 3, what is 1020 - 102102212120?
-102102211100
In base 4, what is -1021213110 - -23?
-1021213021
In base 6, what is -122445324 + 1?
-122445323
In base 3, what is 21022212 + 111200221?
210000210
In base 11, what is -5 + 134351484?
13435147a
In base 12, what is -1456 + -4339?
-5793
In base 8, what is -476435 - 123?
-476560
In base 9, what is -152315 + -72?
-152387
In base 5, what is -2222411434 - 10?
-2222411444
In base 14, what is -841 + -436?
-c77
In base 10, what is 48 + -3540602?
-3540554
In base 7, what is -55 - 3645043?
-3645131
In base 16, what is d + -3193d1a?
-3193d0d
In base 14, what is -60b9 + 573?
-5946
In base 2, what is -10001110111001 + -111110101001000?
-1010000100000001
In base 3, what is -10222122221 + -1202020?
-11001102011
In base 3, what is -202202020011212 - -10?
-202202020011202
In base 4, what is -101302 + -11331330?
-12033232
In base 10, what is 21574 - 166?
21408
In base 9, what is -4 + 3044116?
3044112
In base 15, what is -edd - 432d?
-531b
In base 3, what is 222110222221010 - 1011?
222110222212222
In base 7, what is -2336461 + -4434?
-2344225
In base 4, what is -2132303 - 332013?
-3130322
In base 4, what is 21312232323301 + 3?
21312232323310
In base 3, what is 1102111100 + 202020?
1110020120
In base 3, what is 1210 - 111200022101?
-111200020121
In base 5, what is -1031 + -1423010?
-1424041
In base 8, what is -4655611056 + -4?
-4655611062
In base 2, what is 1100000101111 + -11110110010?
1000001111101
In base 5, what is 3042 - -2304143?
2312240
In base 5, what is 3103 - 3134231?
-3131123
In base 14, what is b3ba48 - 2?
b3ba46
In base 4, what is 22330 - 1132120?
-1103130
In base 13, what is 55b05 + -165?
55970
In base 11, what is 3 - -10703511?
10703514
In base 5, what is -1122 + -310413112?
-310414234
In base 4, what is -23020213011 - -111?
-23020212300
In base 13, what is 17a8 - -33178?
34953
In base 2, what is -10111001 - -111010000010000?
111001101010111
In base 4, what is 11032131101 + -12?
11032131023
In base 8, what is 206515125 - -1?
206515126
In base 7, what is -6164 + 3231?
-2633
In base 15, what is -1 - -7aae3?
7aae2
In base 7, what is 3656 - 16226?
-12240
In base 10, what is -2 - -1575762?
1575760
In base 11, what is 1356430 + 2?
1356432
In base 12, what is -b + -3a2b55?
-3a2b64
In base 3, what is 10 + 202121222211?
202121222221
In base 16, what is -3 - -7d74ee?
7d74eb
In base 15, what is -6b725a - 3?
-6b725d
In base 8, what is -115441311 - 7?
-115441320
In base 4, what is -13010032 + -1211?
-13011303
In base 5, what is 11 + 1122314343?
1122314404
In base 15, what is 1c447 - 781?
1bbb6
In base 6, what is 21434540335 - -2?
21434540341
In base 10, what is 4 + 21422481?
21422485
In base 5, what is -3322 + 24143403?
24140031
In base 16, what is -112fe7b5 + 3?
-112fe7b2
In base 7, what is 2 - 255103445?
-255103443
In base 10, what is -433 + 50380?
49947
In base 8, what is -42 + 1366750?
1366706
In base 12, what is 5612406 - 1?
5612405
In base 5, what is 23011421 - 33214?
22423202
In base 9, what is -252 + -117126?
-117378
In base 9, what is 3741 + -30218?
-25367
In base 4, what is 21202203132 - -3231?
21202213023
In base 6, what is -11 + 1155304?
1155253
In base 13, what is -b149245 - 3?
-b149248
In base 12, what is -96 + -3611b4?
-36128a
In base 3, what is -212200 - 101212000?
-102201200
In base 13, what is 4 + c3c567?
c3c56b
In base 10, what is -1935 - -170213?
168278
In base 14, what is 4 - 36a433d?
-36a4339
In base 4, what is -221010 - -131111?
-23233
In base 16, what is -b + 6359c1?
6359b6
In base 3, what is -10 + -22221120011210?
-22221120011220
In base 16, what is -a96 - 111b?
-1bb1
In base 15, what is 64c - -1d478?
1dac5
In base 11, what is -5 + 1002a5?
1002a0
In base 12, what is -207 + 672?
467
In base 4, what is 10 + -1332211320102?
-1332211320032
In base 14, what is -2 + a4a8506?
a4a8504
In base 7, what is 4 + 24454604?
24454611
In base 4, what is 32 + 3330231113032?
3330231113130
In base 6, what is 2 - -104033312132?
104033312134
In base 8, what is -324 - 3101364?
-3101710
In base 2, what is -1100 - -1001110011100111000?
1001110011100101100
In base 10, what is 5 - -46941019?
46941024
In base 3, what is 1121 + 10010200110222?
10010200112120
In base 16, what is -e5 + -8ce34?
-8cf19
In base 15, what is 25b45a - -6a?
25b4c5
In base 3, what is -20000101 - 1000120100?
-1020120201
In base 3, what is -1020222 + 12000020211?
11221222212
In base 7, what is -2055315 + -664?
-2056312
In base 15, what is 154 - -cbd?
e22
In base 12, what is -5 - 622b94?
-622b99
In base 11, what is -965662 - 164?
-965816
In base 13, what is 2990 - -a7a8?
10468
In base 3, what is -21001202 + 1122202121?
1101200212
In base 2, what is -10000000011111111 - -101010110?
-1111111110101001
In base 6, what is 221342414 - -410?
221343224
In base 13, what is -18bc1 - c?
-18c00
In base 7, what is 106 + -410511?
-410402
In base 